{"id":215,"date":"2025-12-06T09:10:34","date_gmt":"2025-12-06T09:10:34","guid":{"rendered":"https:\/\/tahti-tuontioy.fi\/?post_type=product&#038;p=215"},"modified":"2026-01-06T14:53:28","modified_gmt":"2026-01-06T14:53:28","slug":"kuivaimuri","status":"publish","type":"product","link":"https:\/\/tahti-tuontioy.fi\/?product=kuivaimuri","title":{"rendered":"Kuivaimuri 6000\u20ac +alv"},"content":{"rendered":"<p>Myyd\u00e4\u00e4n kuivaimuri eurovak 6000\u20ac alv 0<\/p>\n<p>Henkil\u00f6kohtainen palvelu, ota yhteytt\u00e4<br \/>\nE-mail info@tahti-tuontioy.fi<br \/>\nwhatsaap +358-400592299<br \/>\ntai soitaa suoraan t\u00e4h\u00e4n numeron<\/p>\n","protected":false},"excerpt":{"rendered":"<p>Myyd\u00e4\u00e4n kuivaimuri eurovak 6000\u20ac alv 0 Henkil\u00f6kohtainen palvelu, ota yhteytt\u00e4 E-mail info@tahti-tuontioy.fi whatsaap +358-400592299 tai soitaa suoraan t\u00e4h\u00e4n numeron<\/p>\n","protected":false},"featured_media":584,"comment_status":"open","ping_status":"closed","template":"","meta":{"site-sidebar-layout":"default","site-content-layout":"","ast-site-content-layout":"default","site-content-style":"default","site-sidebar-style":"default","ast-global-header-display":"","ast-banner-title-visibility":"","ast-main-header-display":"","ast-hfb-above-header-display":"","ast-hfb-below-header-display":"","ast-hfb-mobile-header-display":"","site-post-title":"","ast-breadcrumbs-content":"","ast-featured-img":"","footer-sml-layout":"","ast-disable-related-posts":"","theme-transparent-header-meta":"default","adv-header-id-meta":"","stick-header-meta":"","header-above-stick-meta":"","header-main-stick-meta":"","header-below-stick-meta":"","astra-migrate-meta-layouts":"set","ast-page-background-enabled":"default","ast-page-background-meta":{"desktop":{"background-color":"var(--ast-global-color-5)","background-image":"","background-repeat":"repeat","background-position":"center center","background-size":"auto","background-attachment":"scroll","background-type":"","background-media":"","overlay-type":"","overlay-color":"","overlay-opacity":"","overlay-gradient":""},"tablet":{"background-color":"","background-image":"","background-repeat":"repeat","background-position":"center center","background-size":"auto","background-attachment":"scroll","background-type":"","background-media":"","overlay-type":"","overlay-color":"","overlay-opacity":"","overlay-gradient":""},"mobile":{"background-color":"","background-image":"","background-repeat":"repeat","background-position":"center center","background-size":"auto","background-attachment":"scroll","background-type":"","background-media":"","overlay-type":"","overlay-color":"","overlay-opacity":"","overlay-gradient":""}},"ast-content-background-meta":{"desktop":{"background-color":"var(--ast-global-color-4)","background-image":"","background-repeat":"repeat","background-position":"center center","background-size":"auto","background-attachment":"scroll","background-type":"","background-media":"","overlay-type":"","overlay-color":"","overlay-opacity":"","overlay-gradient":""},"tablet":{"background-color":"var(--ast-global-color-4)","background-image":"","background-repeat":"repeat","background-position":"center center","background-size":"auto","background-attachment":"scroll","background-type":"","background-media":"","overlay-type":"","overlay-color":"","overlay-opacity":"","overlay-gradient":""},"mobile":{"background-color":"var(--ast-global-color-4)","background-image":"","background-repeat":"repeat","background-position":"center center","background-size":"auto","background-attachment":"scroll","background-type":"","background-media":"","overlay-type":"","overlay-color":"","overlay-opacity":"","overlay-gradient":""}},"slim_seo":{"title":"Kuivaimuri 6000\u20ac +alv","description":"Myyd\u00e4\u00e4n kuivaimuri eurovak 6000\u20ac alv 0 Henkil\u00f6kohtainen palvelu, ota yhteytt\u00e4 E-mail info@tahti-tuontioy.fi whatsaap +358-400592299 tai soitaa suoraan t\u00e4h\u00e4n num"}},"product_brand":[],"product_cat":[30,38],"product_tag":[],"class_list":{"0":"post-215","1":"product","2":"type-product","3":"status-publish","4":"has-post-thumbnail","6":"product_cat-kaytetty","7":"product_cat-koneita","8":"desktop-align-left","9":"tablet-align-left","10":"mobile-align-left","12":"first","13":"instock","14":"taxable","15":"shipping-taxable","16":"product-type-simple"},"yoast_head":"<!-- This site is optimized with the Yoast SEO plugin v27.6 - https:\/\/yoast.com\/product\/yoast-seo-wordpress\/ -->\n<title>Kuivaimuri 6000\u20ac +alv -<\/title>\n<meta name=\"robots\" content=\"index, follow, max-snippet:-1, max-image-preview:large, max-video-preview:-1\" \/>\n<link rel=\"canonical\" href=\"https:\/\/tahti-tuontioy.fi\/?product=kuivaimuri\" \/>\n<meta property=\"og:locale\" content=\"fi_FI\" \/>\n<meta property=\"og:type\" content=\"article\" \/>\n<meta property=\"og:title\" content=\"Kuivaimuri 6000\u20ac +alv -\" \/>\n<meta property=\"og:description\" content=\"Myyd\u00e4\u00e4n kuivaimuri eurovak 6000\u20ac alv 0 Henkil\u00f6kohtainen palvelu, ota yhteytt\u00e4 E-mail info@tahti-tuontioy.fi whatsaap +358-400592299 tai soitaa suoraan t\u00e4h\u00e4n numeron\" \/>\n<meta property=\"og:url\" content=\"https:\/\/tahti-tuontioy.fi\/?product=kuivaimuri\" \/>\n<meta property=\"article:publisher\" content=\"https:\/\/tahti-tuontioy.fi\/\" \/>\n<meta property=\"article:modified_time\" content=\"2026-01-06T14:53:28+00:00\" \/>\n<meta property=\"og:image\" content=\"https:\/\/tahti-tuontioy.fi\/wp-content\/uploads\/2025\/12\/WhatsApp-Image-2025-12-18-at-15.12.36-2.jpeg\" \/>\n\t<meta property=\"og:image:width\" content=\"1530\" \/>\n\t<meta property=\"og:image:height\" content=\"2040\" \/>\n\t<meta property=\"og:image:type\" content=\"image\/jpeg\" \/>\n<meta name=\"twitter:card\" content=\"summary_large_image\" \/>\n<script type=\"application\/ld+json\" class=\"yoast-schema-graph\">{\"@context\":\"https:\\\/\\\/schema.org\",\"@graph\":[{\"@type\":\"WebPage\",\"@id\":\"https:\\\/\\\/tahti-tuontioy.fi\\\/?product=kuivaimuri\",\"url\":\"https:\\\/\\\/tahti-tuontioy.fi\\\/?product=kuivaimuri\",\"name\":\"Kuivaimuri 6000\u20ac +alv -\",\"isPartOf\":{\"@id\":\"https:\\\/\\\/tahti-tuontioy.fi\\\/#website\"},\"primaryImageOfPage\":{\"@id\":\"https:\\\/\\\/tahti-tuontioy.fi\\\/?product=kuivaimuri#primaryimage\"},\"image\":{\"@id\":\"https:\\\/\\\/tahti-tuontioy.fi\\\/?product=kuivaimuri#primaryimage\"},\"thumbnailUrl\":\"https:\\\/\\\/tahti-tuontioy.fi\\\/wp-content\\\/uploads\\\/2025\\\/12\\\/WhatsApp-Image-2025-12-18-at-15.12.36-2.jpeg\",\"datePublished\":\"2025-12-06T09:10:34+00:00\",\"dateModified\":\"2026-01-06T14:53:28+00:00\",\"breadcrumb\":{\"@id\":\"https:\\\/\\\/tahti-tuontioy.fi\\\/?product=kuivaimuri#breadcrumb\"},\"inLanguage\":\"fi\",\"potentialAction\":[{\"@type\":\"ReadAction\",\"target\":[\"https:\\\/\\\/tahti-tuontioy.fi\\\/?product=kuivaimuri\"]}]},{\"@type\":\"ImageObject\",\"inLanguage\":\"fi\",\"@id\":\"https:\\\/\\\/tahti-tuontioy.fi\\\/?product=kuivaimuri#primaryimage\",\"url\":\"https:\\\/\\\/tahti-tuontioy.fi\\\/wp-content\\\/uploads\\\/2025\\\/12\\\/WhatsApp-Image-2025-12-18-at-15.12.36-2.jpeg\",\"contentUrl\":\"https:\\\/\\\/tahti-tuontioy.fi\\\/wp-content\\\/uploads\\\/2025\\\/12\\\/WhatsApp-Image-2025-12-18-at-15.12.36-2.jpeg\",\"width\":1530,\"height\":2040},{\"@type\":\"BreadcrumbList\",\"@id\":\"https:\\\/\\\/tahti-tuontioy.fi\\\/?product=kuivaimuri#breadcrumb\",\"itemListElement\":[{\"@type\":\"ListItem\",\"position\":1,\"name\":\"Home\",\"item\":\"https:\\\/\\\/tahti-tuontioy.fi\\\/\"},{\"@type\":\"ListItem\",\"position\":2,\"name\":\"Shop\",\"item\":\"https:\\\/\\\/tahti-tuontioy.fi\\\/?page_id=138\"},{\"@type\":\"ListItem\",\"position\":3,\"name\":\"Kuivaimuri 6000\u20ac +alv\"}]},{\"@type\":\"WebSite\",\"@id\":\"https:\\\/\\\/tahti-tuontioy.fi\\\/#website\",\"url\":\"https:\\\/\\\/tahti-tuontioy.fi\\\/\",\"name\":\"koneita laiteita kone laite ty\u00f6kalu\",\"description\":\"T\u00e4htituonti Oy\",\"publisher\":{\"@id\":\"https:\\\/\\\/tahti-tuontioy.fi\\\/#organization\"},\"potentialAction\":[{\"@type\":\"SearchAction\",\"target\":{\"@type\":\"EntryPoint\",\"urlTemplate\":\"https:\\\/\\\/tahti-tuontioy.fi\\\/?s={search_term_string}\"},\"query-input\":{\"@type\":\"PropertyValueSpecification\",\"valueRequired\":true,\"valueName\":\"search_term_string\"}}],\"inLanguage\":\"fi\"},{\"@type\":\"Organization\",\"@id\":\"https:\\\/\\\/tahti-tuontioy.fi\\\/#organization\",\"name\":\"t\u00e4hti-tuonti oy\",\"url\":\"https:\\\/\\\/tahti-tuontioy.fi\\\/\",\"logo\":{\"@type\":\"ImageObject\",\"inLanguage\":\"fi\",\"@id\":\"https:\\\/\\\/tahti-tuontioy.fi\\\/#\\\/schema\\\/logo\\\/image\\\/\",\"url\":\"https:\\\/\\\/tahti-tuontioy.fi\\\/wp-content\\\/uploads\\\/2026\\\/01\\\/cropped-logo2.jpg\",\"contentUrl\":\"https:\\\/\\\/tahti-tuontioy.fi\\\/wp-content\\\/uploads\\\/2026\\\/01\\\/cropped-logo2.jpg\",\"width\":285,\"height\":200,\"caption\":\"t\u00e4hti-tuonti oy\"},\"image\":{\"@id\":\"https:\\\/\\\/tahti-tuontioy.fi\\\/#\\\/schema\\\/logo\\\/image\\\/\"},\"sameAs\":[\"https:\\\/\\\/tahti-tuontioy.fi\\\/\"]}]}<\/script>\n<!-- \/ Yoast SEO plugin. -->","yoast_head_json":{"title":"Kuivaimuri 6000\u20ac +alv -","robots":{"index":"index","follow":"follow","max-snippet":"max-snippet:-1","max-image-preview":"max-image-preview:large","max-video-preview":"max-video-preview:-1"},"canonical":"https:\/\/tahti-tuontioy.fi\/?product=kuivaimuri","og_locale":"fi_FI","og_type":"article","og_title":"Kuivaimuri 6000\u20ac +alv -","og_description":"Myyd\u00e4\u00e4n kuivaimuri eurovak 6000\u20ac alv 0 Henkil\u00f6kohtainen palvelu, ota yhteytt\u00e4 E-mail info@tahti-tuontioy.fi whatsaap +358-400592299 tai soitaa suoraan t\u00e4h\u00e4n numeron","og_url":"https:\/\/tahti-tuontioy.fi\/?product=kuivaimuri","article_publisher":"https:\/\/tahti-tuontioy.fi\/","article_modified_time":"2026-01-06T14:53:28+00:00","og_image":[{"width":1530,"height":2040,"url":"https:\/\/tahti-tuontioy.fi\/wp-content\/uploads\/2025\/12\/WhatsApp-Image-2025-12-18-at-15.12.36-2.jpeg","type":"image\/jpeg"}],"twitter_card":"summary_large_image","schema":{"@context":"https:\/\/schema.org","@graph":[{"@type":"WebPage","@id":"https:\/\/tahti-tuontioy.fi\/?product=kuivaimuri","url":"https:\/\/tahti-tuontioy.fi\/?product=kuivaimuri","name":"Kuivaimuri 6000\u20ac +alv -","isPartOf":{"@id":"https:\/\/tahti-tuontioy.fi\/#website"},"primaryImageOfPage":{"@id":"https:\/\/tahti-tuontioy.fi\/?product=kuivaimuri#primaryimage"},"image":{"@id":"https:\/\/tahti-tuontioy.fi\/?product=kuivaimuri#primaryimage"},"thumbnailUrl":"https:\/\/tahti-tuontioy.fi\/wp-content\/uploads\/2025\/12\/WhatsApp-Image-2025-12-18-at-15.12.36-2.jpeg","datePublished":"2025-12-06T09:10:34+00:00","dateModified":"2026-01-06T14:53:28+00:00","breadcrumb":{"@id":"https:\/\/tahti-tuontioy.fi\/?product=kuivaimuri#breadcrumb"},"inLanguage":"fi","potentialAction":[{"@type":"ReadAction","target":["https:\/\/tahti-tuontioy.fi\/?product=kuivaimuri"]}]},{"@type":"ImageObject","inLanguage":"fi","@id":"https:\/\/tahti-tuontioy.fi\/?product=kuivaimuri#primaryimage","url":"https:\/\/tahti-tuontioy.fi\/wp-content\/uploads\/2025\/12\/WhatsApp-Image-2025-12-18-at-15.12.36-2.jpeg","contentUrl":"https:\/\/tahti-tuontioy.fi\/wp-content\/uploads\/2025\/12\/WhatsApp-Image-2025-12-18-at-15.12.36-2.jpeg","width":1530,"height":2040},{"@type":"BreadcrumbList","@id":"https:\/\/tahti-tuontioy.fi\/?product=kuivaimuri#breadcrumb","itemListElement":[{"@type":"ListItem","position":1,"name":"Home","item":"https:\/\/tahti-tuontioy.fi\/"},{"@type":"ListItem","position":2,"name":"Shop","item":"https:\/\/tahti-tuontioy.fi\/?page_id=138"},{"@type":"ListItem","position":3,"name":"Kuivaimuri 6000\u20ac +alv"}]},{"@type":"WebSite","@id":"https:\/\/tahti-tuontioy.fi\/#website","url":"https:\/\/tahti-tuontioy.fi\/","name":"koneita laiteita kone laite ty\u00f6kalu","description":"T\u00e4htituonti Oy","publisher":{"@id":"https:\/\/tahti-tuontioy.fi\/#organization"},"potentialAction":[{"@type":"SearchAction","target":{"@type":"EntryPoint","urlTemplate":"https:\/\/tahti-tuontioy.fi\/?s={search_term_string}"},"query-input":{"@type":"PropertyValueSpecification","valueRequired":true,"valueName":"search_term_string"}}],"inLanguage":"fi"},{"@type":"Organization","@id":"https:\/\/tahti-tuontioy.fi\/#organization","name":"t\u00e4hti-tuonti oy","url":"https:\/\/tahti-tuontioy.fi\/","logo":{"@type":"ImageObject","inLanguage":"fi","@id":"https:\/\/tahti-tuontioy.fi\/#\/schema\/logo\/image\/","url":"https:\/\/tahti-tuontioy.fi\/wp-content\/uploads\/2026\/01\/cropped-logo2.jpg","contentUrl":"https:\/\/tahti-tuontioy.fi\/wp-content\/uploads\/2026\/01\/cropped-logo2.jpg","width":285,"height":200,"caption":"t\u00e4hti-tuonti oy"},"image":{"@id":"https:\/\/tahti-tuontioy.fi\/#\/schema\/logo\/image\/"},"sameAs":["https:\/\/tahti-tuontioy.fi\/"]}]}},"_links":{"self":[{"href":"https:\/\/tahti-tuontioy.fi\/index.php?rest_route=\/wp\/v2\/product\/215","targetHints":{"allow":["GET"]}}],"collection":[{"href":"https:\/\/tahti-tuontioy.fi\/index.php?rest_route=\/wp\/v2\/product"}],"about":[{"href":"https:\/\/tahti-tuontioy.fi\/index.php?rest_route=\/wp\/v2\/types\/product"}],"replies":[{"embeddable":true,"href":"https:\/\/tahti-tuontioy.fi\/index.php?rest_route=%2Fwp%2Fv2%2Fcomments&post=215"}],"wp:featuredmedia":[{"embeddable":true,"href":"https:\/\/tahti-tuontioy.fi\/index.php?rest_route=\/wp\/v2\/media\/584"}],"wp:attachment":[{"href":"https:\/\/tahti-tuontioy.fi\/index.php?rest_route=%2Fwp%2Fv2%2Fmedia&parent=215"}],"wp:term":[{"taxonomy":"product_brand","embeddable":true,"href":"https:\/\/tahti-tuontioy.fi\/index.php?rest_route=%2Fwp%2Fv2%2Fproduct_brand&post=215"},{"taxonomy":"product_cat","embeddable":true,"href":"https:\/\/tahti-tuontioy.fi\/index.php?rest_route=%2Fwp%2Fv2%2Fproduct_cat&post=215"},{"taxonomy":"product_tag","embeddable":true,"href":"https:\/\/tahti-tuontioy.fi\/index.php?rest_route=%2Fwp%2Fv2%2Fproduct_tag&post=215"}],"curies":[{"name":"wp","href":"https:\/\/api.w.org\/{rel}","templated":true}]}}